{"version":"1.0","provider_name":"","provider_url":"https:\/\/makvilag.cafeblog.hu","author_name":"Kara","author_url":"https:\/\/makvilag.cafeblog.hu\/author\/fki\/","title":"T\u00fcnd\u00e9rkertet ide nekem","html":"<p style=\"text-align: center\">V\u00e9gre elj\u00f6tt az ideje, hogy \u00f6sszerakjam \u00e9letem 2. t\u00fcnd\u00e9rkertj\u00e9t. Az els\u0151t m\u00e9g sr\u00e1caimmal csin\u00e1ltuk de a nyuszink megette, sz\u00f3val nem volt hossz\u00fa \u00e9let\u0171.<\/p>\r\n<p style=\"text-align: center\">Most olyat szerettem volna ami\u00a0 nem ig\u00e9nyel k\u00fcl\u00f6n\u00f6sebb gondoskod\u00e1st teh\u00e1t szukkulensek ker\u00fclnek bele, \u00e9s csupa olyan dologb\u00f3l kihozni a kert jelleget ami nem ker\u00fcl semmibe- k\u00f6vek, kavicsok, fa\u00e1gak, zombi pockok ilyesmik. Azaz kb. 0 forintot sz\u00e1ntam r\u00e1.<\/p>\r\n<p style=\"text-align: center\">Kavics, k\u0151, fa\u00e1g mindig akad itthon, \u00edgy a mini h\u00e1zik\u00f3kat n\u00e9mi akril felhaszn\u00e1l\u00e1s\u00e1val meg is oldom. K\u00f6vir\u00f3zs\u00e1m is van egy nagyobb rakat, az teljesen megfelel, meg szereztem egy s\u00e9ta alkalm\u00e1val n\u00e9mi fut\u00f3s, szint\u00e9n ig\u00e9nytelen valamit, tal\u00e1n varj\u00fah\u00e1j a becs\u00fcletes neve de nem biztos. Viszont a 0 forintot nem tudtam betartani, mert 200 forint\u00e9rt vettem valami csepp \u00e9vel\u0151t.<\/p>\r\n<p style=\"text-align: center\">Sz\u00f3val nekil\u00e1ttam a t\u00fcnd\u00e9rkertnek sz\u00e9p lassan, festek h\u00e1zik\u00f3t m\u00e9g bele, meg elhegyezett sz\u00ednesekb\u0151l legy\u00e1rtom a ker\u00edt\u00e9st stb. stb. azt\u00e1n megl\u00e1tom mit tudok kihozni a semmib\u0151l.<\/p>\r\n<p style=\"text-align: center\">Addig is itt egy f\u00e9l-negyed k\u00e9sz t\u00e1jk\u00e9p a r\u00e9gi kiss\u00e9 megkopott kavicsh\u00e1zakkal.<\/p>\r\n<p style=\"text-align: center\"><a href=\"https:\/\/makvilag.cafeblog.hu\/files\/2014\/04\/WP_001898.jpg\"><img class=\"aligncenter size-large wp-image-1837\" alt=\"WP_001898\" src=\"https:\/\/makvilag.cafeblog.hu\/files\/2014\/04\/WP_001898-600x450.jpg\" width=\"600\" height=\"450\" \/><\/a><\/p>","type":"rich"}

Tündérkertet ide nekem

<p style="text-align: center">Végre eljött az ideje, hogy összerakjam életem 2. tündérkertjét. Az elsőt még srácaimmal csináltuk de a nyuszink megette, szóval nem volt hosszú életű.</p>
<p style="text-align: center">Most olyat szerettem volna ami  nem igényel különösebb gondoskodást tehát szukkulensek kerülnek bele, és csupa olyan dologból kihozni a kert jelleget ami nem kerül semmibe- kövek, kavicsok, faágak, zombi pockok ilyesmik. Azaz kb. 0 forintot szántam rá.</p>
<p style="text-align: center">Kavics, kő, faág mindig akad itthon, így a mini házikókat némi akril felhasználásával meg is oldom. Kövirózsám is van egy nagyobb rakat, az teljesen megfelel, meg szereztem egy séta alkalmával némi futós, szintén igénytelen valamit, talán varjúháj a becsületes neve de nem biztos. Viszont a 0 forintot nem tudtam betartani, mert 200 forintért vettem valami csepp évelőt.</p>
<p style="text-align: center">Szóval nekiláttam a tündérkertnek szép lassan, festek házikót még bele, meg elhegyezett színesekből legyártom a kerítést stb. stb. aztán meglátom mit tudok kihozni a semmiből.</p>
<p style="text-align: center">Addig is itt egy fél-negyed kész tájkép a régi kissé megkopott kavicsházakkal.</p>
<p style="text-align: center"><a href="https://makvilag.cafeblog.hu/files/2014/04/WP_001898.jpg"><img class="aligncenter size-large wp-image-1837" alt="WP_001898" src="https://makvilag.cafeblog.hu/files/2014/04/WP_001898-600x450.jpg" width="600" height="450" /></a></p>
